to base 16.
a43a
-41 (base 13) to base 15
-38
11354 (base 6) to base 16
676
34176 (base 9) to base 13
a47c
What is 553 (base 8) in base 10?
363
Convert -91 (base 16) to base 3.
-12101
Convert -2 (base 15) to base 12.
-2
What is -1426 (base 8) in base 12?
-55a
Convert 12321 (base 4) to base 11.
371
-21010220 (base 3) to base 6
-40040
What is 63ca (base 15) in base 7?
115363
What is -1c2 (base 14) in base 13?
-222
-221030 (base 6) to base 8
-43712
Convert 10444 (base 6) to base 10.
1468
45 (base 6) to base 8
35
-564a (base 11) to base 9
-11171
What is -18a (base 16) in base 6?
-1454
-4530 (base 15) to base 5
-432140
What is 11100100 (base 2) in base 9?
273
Convert -242 (base 11) to base 13.
-192
-10003 (base 11) to base 3
-202002101
What is 100304 (base 6) in base 4?
1323100
Convert -2a7 (base 16) to base 4.
-22213
-606 (base 11) to base 14
-3a4
-330005 (base 6) to base 4
-12221111
Convert -11b8e (base 15) to base 9.
-85578
-3206 (base 11) to base 7
-15236
What is -1081 (base 14) in base 4?
-230221
-1303 (base 4) to base 15
-7a
Convert 131 (base 5) to base 15.
2b
Convert -9d1 (base 14) to base 4.
-132123
What is 28 (base 16) in base 2?
101000
1001110000 (base 2) to base 3
212010
8170 (base 9) to base 11
4543
Convert -1304 (base 15) to base 6.
-30434
Convert -52 (base 14) to base 15.
-4c
-a710 (base 14) to base 7
-150020
28958 (base 12) to base 6
1114152
Convert 18230 (base 10) to base 6.
220222
-6a8 (base 14) to base 15
-5d4
271 (base 9) to base 15
101
Convert 1110110000 (base 2) to base 14.
4b6
-76502 (base 8) to base 6
-404242
Convert 365 (base 8) to base 6.
1045
1dc (base 15) to base 14
22c
Convert 99 (base 16) to base 4.
2121
What is 1623 (base 8) in base 7?
2445
-205 (base 8) to base 11
-111
-443 (base 6) to base 11
-146
-114245 (base 6) to base 11
-75a5
Convert -1304 (base 7) to base 13.
-2c0
Convert -c7 (base 16) to base 12.
-147
Convert -14 (base 7) to base 12.
-b
Convert 34431 (base 10) to base 7.
202245
What is a264 (base 16) in base 4?
22021210
What is -303211 (base 6) in base 8?
-56767
What is -10001010110101 (base 2) in base 14?
-3349
-100010011 (base 2) to base 4
-10103
What is -11047 (base 8) in base 3?
-20101010
Convert 1264 (base 7) to base 3.
200001
What is -11844 (base 11) in base 6?
-210352
-20003 (base 7) to base 2
-1001011000101
Convert 210121 (base 3) to base 14.
2d9
Convert -324 (base 9) to base 16.
-109
40738 (base 9) to base 16
68de
Convert -131301 (base 4) to base 15.
-870
What is -440 (base 15) in base 16?
-3c0
Convert 34333 (base 5) to base 9.
3342
What is -8964 (base 10) in base 8?
-21404
What is 1001100101101 (base 2) in base 8?
11455
Convert -1c289 (base 13) to base 15.
-1161b
What is 40065 (base 9) in base 10?
26303
What is -5548 (base 9) in base 12?
-2452
514 (base 12) to base 14
3a8
What is 4381 (base 9) in base 4?
302200
What is 16496 (base 11) in base 10?
23216
What is 1101032 (base 5) in base 6?
223244
-54b (base 13) to base 12
-638
10200200 (base 3) to base 13
12c0
-2825 (base 10) to base 11
-2139
100110001 (base 2) to base 15
155
1001110100 (base 2) to base 12
444
Convert 332021 (base 5) to base 9.
16710
8f3 (base 16) to base 13
1073
10000100001 (base 2) to base 14
557
3013210 (base 4) to base 14
4924
Convert -111100010010011 (base 2) to base 3.
-1120100020
What is -226 (base 10) in base 14?
-122
Convert 1266 (base 7) to base 3.
200010
Convert -3503 (base 6) to base 12.
-593
What is -112200110 (base 3) in base 5?
-320304
Convert 10011100100 (base 2) to base 7.
3436
Convert -11142 (base 5) to base 12.
-565
-1100010010111 (base 2) to base 4
-1202113
Convert -1210101 (base 3) to base 8.
-2432
Convert -1182 (base 9) to base 6.
-4032
What is 868 (base 15) in base 11?
1476
Convert 400032 (base 5) to base 3.
122011121
Convert -112a (base 12) to base 8.
-3562
Convert 2902 (base 12) to base 3.
20112002
What is 1a7 (base 12) in base 4?
10033
-23643 (base 12) to base 2
-1011100111010011
Convert 1244242 (base 5) to base 15.
75d2
291 (base 12) to base 6
1501
241 (base 15) to base 9
627
-39a (base 11) to base 3
-122111
Convert -111101000110000 (base 2) to base 8.
-75060
Convert 98a (base 16) to base 11.
1920
What is 1060 (base 10) in base 11?
884
-1001011 (base 2) to base 7
-135
100 (base 9) to base 11
74
Convert 2964 (base 10) to base 12.
1870
8c2 (base 16) to base 13
1036
Convert -f38 (base 16) to base 3.
-12100022
What is 3344422 (base 5) in base 12?
2a42a
What is 4272 (base 11) in base 8?
13015
7271 (base 13) to base 8
36701
109c9 (base 15) to base 3
2200111000
2425 (base 9) to base 2
11100001101
4050 (base 8) to base 13
c48
-a53 (base 13) to base 15
-7c3
-111 (base 10) to base 11
-a1
-110110101 (base 2) to base 5
-3222
1234 (base 10) to base 7
3412
636 (base 7) to base 4
11001
4016 (base 8) to base 11
1605
Convert -3506 (base 8) to base 2.
-11101000110
Convert -5824 (base 11) to base 10.
-7649
What is -18027 (base 9) in base 11?
-936a
957 (base 11) to base 12
7bb
3717 (base 9) to base 5
42040
1a8 (base 16) to base 2
110101000
-3124 (base 5) to base 15
-1c9
15b2 (base 12) to base 5
40312
1124333 (base 5) to base 10
20593
-32224 (base 7) to base 6
-101021
Convert 32 (base 6) to base 14.
16
What is -210 (base 14) in base 3?
-120001
Convert -9b (base 14) to base 7.
-254
Convert 110011010111101 (base 2) to base 15.
7bd6
1235 (base 9) to base 6
4135
What is -200122220 (base 3) in base 15?
-4070
What is 1005 (base 7) in base 14?
1ac
What is -4205 (base 8) in base 5?
-32211
-2220221102 (base 3) to base 4
-32003030
Convert 11100101110011 (base 2) to base 13.
6904
Convert -6c9a (base 14) to base 15.
-5937
What is 432012 (base 5) in base 10?
14632
What is -1233424 (base 5) in base 11?
-17236
What is -120211 (base 3) in base 10?
-427
Convert 12102000 (base 3) to base 15.
127c
-10096 (base 10) to base 2
-10011101110000
What is -4000 (base 5) in base 2?
-111110100
What is 53a (base 12) in base 16?
2fe
What is 1376 (base 10) in base 15?
61b
9a7 (base 15) to base 5
32212
What is -a28 (base 13) in base 5?
-23344
Convert 20133 (base 4) to base 3.
202010
Convert 1b22 (base 16) to base 2.
1101100100010
What is a0 (base 11) in base 9?
132
What is -2000 (base 6) in base 12?
-300
Convert -183 (base 13) to base 10.
-276
Convert 8 (base 12) to base 5.
13
What is 1010111010001100 (base 2) in base 4?
22322030
Convert 11300 (base 8) to base 3.
20120210
What is -224040 (base 6) in base 11?
-13332
Convert -833 (base 11) to base 8.
-1754
15342 (base 6) to base 8
4716
2220332 (base 4) to base 3
112211112
What is -1434 (base 7) in base 16?
-234
What is -38c (base 15) in base 5?
-11212
-101233 (base 7) to base 14
-641a
Convert 4864 (base 10) to base 2.
1001100000000
231 (base 13) to base 5
3003
40203 (base 6) to base 8
12213
What is -629 (base 11) in base 5?
-11012
527 (base 11) to base 15
2c4
Convert -22 (base 9) to base 16.
-14
Convert 3010 (base 6) to base 13.
3b4
Convert -1011101001110 (base 2) to base 12.
-3552
2040 (base 9) to base 16
5d6
Convert 7a53 (base 13) to base 11.
1196a
What is -33137 (base 12) in base 9?
-112627
-1232 (base 12) to base 11
-15a8
What is -4451 (base 16) in base 2?
-100010001010001
-13012 (base 4) to base 9
-554
-362 (base 12) to base 9
-622
What is -54101 (base 6) in base 16?
-1cd5
-6646 (base 13) to base 4
-3132232
Convert 1719 (base 15) to base 3.
20211020
Convert 325a (base 14) to base 11.
65a3
-2034 (base 5) to base 3
-100222
Convert 1001010110 (base 2) to base 12.
41a
Convert da3c (base 14) to base 6.
450250
1001000000010111 (base 2) to base 4
21000113
What is 7c82 (base 16) in base 2?
111110010000010
Convert 35a (base 11) to base 8.
654
Convert 273 (base 14) to base 13.
2bc
93a (base 16) to base 2
100100111010
220033 (base 4) to base 8
5017
429 (base 11) to base 12
36b
What is -3120 (base 5) in base 15?
-1c5
-5195 (base 10) to base 5
-131240
Convert -2120202020 (base 3) to base 9.
-76666
Convert 172 (base 9) to base 2.
10010010
What is 171 (base 11) in base 8?
307
8372 (base 15) to base 7
143666
Convert 2602 (base 7) to base 3.
1100101
What is -13a3 (base 14) in base 8?
-6623
Convert 123441 (base 5) to base 4.
1030013
Convert 1101022 (base 3) to base 7.
2636
Convert -b90 (base 12) to base 8.
-3234
1c11 (base 13) to base 14
178b
50600 (base 7) to base 15
399e
What is -2a (base 15) in base 4?
-220
What is -33